ime?
False
Let o = 1 - -1. Let t(c) = -5 + 23*c - 6 + 17 - 5. Is t(o) a composite number?
False
Suppose -45 = -5*l + 4*y, 3*y - 10 = 2*l + 7*y. Suppose -4*u - 8*f = -3*f - 432, 4*f = -l*u + 549. Is u a composite number?
False
Let f be 111/12*2*-2. Let r = 84 + f. Is r a composite number?
False
Let z(c) = 287*c**2 + c. Let k be z(1). Suppose -5*p = 4*t - 2 - 2, 3*p = 0. Is (3 + k)/3*t prime?
True
Suppose 3*c - w - 2*w = 42, -2*c - 2*w + 8 = 0. Suppose 5*r - c*r = -1316. Is r prime?
False
Let g be 195/2 - 2/4. Let s = g + -44. Is s composite?
False
Let t = 124 + -75. Suppose 3*p - 159 = -5*w - t, 0 = -2*p - 10. Suppose 2*v = a - 255, -3*a + 734 = -3*v - w. Is a prime?
True
Let y(m) = 23*m**2 + 6*m - 11. Is y(4) prime?
False
Let y(k) = -k**3 + 9*k**2 + 9*k - 9. Let h be (-187)/(-22) - 1/2. Is y(h) a prime number?
True
Suppose -b + 2*b + 2237 = 5*f, -4*b = 2*f - 886. Is f a prime number?
False
Suppose -22 = -5*t - n, 3*n = t + 4*n - 2. Is -381*((-10)/6)/t prime?
True
Let w(b) = -b**3 + 15*b**2 + 2*b + 1. Let p be (9/3)/((-4)/(-20)). Is w(p) a composite number?
False
Let u(y) = 7*y**3 + 15*y**2 + 3*y + 13. Let c(d) = d**3 + d**2 - d + 1. Let j(m) = -6*c(m) + u(m). Let h be j(-8). Is (-194)/4*h*2 a prime number?
True
Let a(d) be the third derivative of -d**6/120 - d**5/15 + d**4/8 - 2*d**3/3 - 2*d**2. Let j be a(-5). Let u = j + 1. Is u a prime number?
True
Let w = -4 - -8. Let z = w + -2. Is (z/(-4))/(4/(-152)) a prime number?
True
Let k(r) = -67*r**3 + 1. Is k(-2) a prime number?
False
Is (2 + 0 + -3)*-145 composite?
True
Is 226/1*1/2 a prime number?
True
Suppose -3*x + 850 - 268 = 0. Is x a prime number?
False
Suppose -2*f + 1 = -5. Suppose -a + 3 = p - f*a, 5*p + 4*a - 29 = 0. Suppose 3*b + p - 116 = 0. Is b a composite number?
False
Let i = -36 - -65. Suppose -5*f + 1206 = -i. Is f prime?
False
Let u(p) = -2*p**2 - 4 - 3 + 3 - 4*p - p**3. Let q be u(-3). Let i = 2 + q. Is i a composite number?
False
Suppose -x = -3*j - 70, 5*j + 138 = -2*x + 25. Let k = j + 51. Suppose k = 2*m + 2*m. Is m a prime number?
True
Suppose -3*w = y - 9, w + 5*y - 9 = 4*w. Suppose 4*u + 0*p - 44 = -3*p, w*u = p + 12. Suppose b - 12 = 5*m - 3*m, -2*m = b - u. Is b composite?
True
Let k = 342 - 221. Suppose -5*d + 45 + k = 3*u, -5*d - 5*u = -160. Is d prime?
False
Is (-194)/(0/(-2) + -2) prime?
True
Let h(s) = -2*s - 12. Let r be h(-6). Suppose -3145 = -4*q + 3*j - 4*j, -5*j + 25 = r. Is q composite?
True
Suppose 4 - 8 = -2*k. Let o be -1*10*(-198)/30. Suppose k*m = 4*m - o. Is m prime?
False
Let r = -1972 - -3087. Is r a composite number?
True
Suppose -5*j = t - 225, -4*t + 2*j + 2*j + 876 = 0. Is (-7)/((-7)/t) - -1 prime?
False
Let w(u) = u**3 - 6*u**2 + 5*u - 5. Let v be -18*((-10)/(-6) - 2). Is w(v) composite?
True
Let x = 8 + -5. Suppose 0 = -x*l - 5*t - 9, 5 = -5*l - 6*t + t. Is l prime?
True
Suppose -1758 = -12*l + 6*l. Is l a composite number?
False
Let c = 23 + 63. Is c prime?
False
Suppose 4*i = -3*z - 2*z + 73, -i + 7 = -z. Let o = -6 + i. Is o prime?
False
Let b(y) = y**3 - y**2 - 3*y + 1. Let h(w) = w - 10. Let f be h(9). Let t = 5 + f. Is b(t) a prime number?
True
Let a = 3670 - 2007. Is a composite?
False
Suppose 5*g = -0*g - 3*i + 23, g - i - 3 = 0. Let k(f) = -f**2 + 5*f - 4. Let o be k(g). Suppose -3*n + 231 - 78 = o. Is n a composite number?
True
Is (-6)/(-6) - (-190)/1 a prime number?
True
Let r(b) = 2*b**2 - 3*b + 3. Suppose 2*s + s = 0. Suppose -q = -s*q + 4. Is r(q) prime?
True
Suppose -3*c = -8*c - 5. Is c*(-1*2 + -65) a composite number?
False
Let l(p) = -p**2 - p - 3. Let r be l(-2). Let b(z) = -42*z + 35. Let d(t) = 7*t - 6. Let g(v) = 6*b(v) + 35*d(v). Is g(r) prime?
False
Suppose 0 = g + g - 4. Suppose 6 + 6 = g*d. Is d composite?
True
Let l be ((-4)/(-6))/(2/3). Suppose f = -4*f + t + 11, 2*t + l = 3*f. Suppose -s + f*s = 66. Is s prime?
False
Suppose -m + 6*m = 2*j - 30, -m - 4 = 0. Suppose -j*q + 3*o + 1855 = 0, o = -q - 2*q + 1113. Is q a composite number?
True
Suppose -3*r = -5*t - 4*r + 820, 2*t = r + 321. Is t composite?
False
Is 4 + 0/(-1) + 31 prime?
False
Suppose -3*g - 2*a = -0*a - 259, -4*a + 433 = 5*g. Is g a prime number?
False
Let c be (-2)/(-2) + 2/1. Is -1*692*c/(-4) a prime number?
False
Suppose -3 = 4*a - 7*a. Let b(y) = 65*y**3 + y**2 - 1. Is b(a) prime?
False
Let v = -22 - -4. Is (118/4)/((-9)/v) prime?
True
Is (-830)/(-6) + 18/27 composite?
False
Let z(y) = y**2 + 10*y - 21. Is z(-18) prime?
False
Let i(m) = 9*m + 1. Let n be i(-3). Let p = 60 + n. Is p prime?
False
Suppose -2*y + 2 + 6 = 0. Let h = y + -5. Is (1 + 0 - 38)*h composite?
False
Suppose -3*n = -3*b - 476 + 1979, -5*b - n = -2493. Is b a prime number?
True
Let a(i) = -i + 23. Is a(-10) composite?
True
Let p(v) = -v**3 + 22. Let t be (-5)/10 - 2/(-4). Is p(t) composite?
True
Let x be 1/3 + 42/9. Suppose -4*a + 8 = -0, 0 = x*l - a - 8. Suppose l*c = -3*c + 110. Is c a prime number?
False
Is ((-20146)/56)/(1/(-4)) a composite number?
False
Suppose v = -72 + 386. Is v a composite number?
True
Let n(c) = c**2 - 6*c - 8. Let s be n(6). Let i(z) be the first derivative of 2*z**3/3 + 3*z**2 + 9*z + 9. Is i(s) composite?
False
Let y(d) = 312*d**2 + 1. Let p be y(-1). Suppose p = 3*u - 5*n, -5*u = -0*u + n - 559. Is u prime?
False
Suppose 4*u - 2*v = 35248, 3*u - v - 8535 = 17902. Is u a prime number?
False
Let j be -3 + 0 + 3 + -1. Is j/(-3) + 272/3 prime?
False
Let d(p) = -3*p**3 - p**2 - 3*p - 2. Let l = -8 + 4. Let n = -7 - l. Is d(n) a prime number?
True
Let o(b) = -2*b**3 + 4*b**2 - 2*b - 2. Let r be o(2). Let x be 6/9 - 338/r. Suppose 0 = -3*j - 0*j + x. Is j a composite number?
False
Let b = 277 + 108. Suppose -q + 4*v + 77 = 0, -5*q - v + 3*v = -b. Is q a composite number?
True
Let j = 37 - 26. Suppose j = -5*o - 24. Let d(w) = 2*w**2 + 6*w - 9. Is d(o) prime?
True
Suppose -2*p - 2*p + 16 = 0. Suppose 2933 = p*j + 3*j. Is j composite?
False
Suppose 0 = -2*m - 3*k - 665 + 4177, -3*m + 5267 = 5*k. Is m a prime number?
True
Suppose 4*z - 48 = 4*r, 2*r = 5*r + z + 16. Let y = 10 + r. Suppose -y*i - j + 183 = j, -5*i + 298 = j. Is i prime?
True
Suppose 0 = 2*l + h - 9, h - 12 = -3*l - 0*h. Suppose -l*j - j = -3*m + 41, 31 = m + 3*j. Is m a composite number?
False
Suppose 4*o + 2*u - 3*u = 1491, 4*o = 3*u + 1489. Suppose -4*w = -5*m + o, 2*w = -3*m + 6*w + 219. Is m composite?
True
Suppose -7*n + 3*n - 3*s + 2531 = 0, -n = 2*s - 629. Is n a prime number?
False
Let p be ((-8)/(-2 + 0))/1. Let k = p + -4. Is (-2 + (k - 5))/(-1) composite?
False
Let h(z) = 8*z**3 - z**2. Suppose u - 5 + 1 = 0. Suppose 5*f = g + 14, 4*g + 7 = -g + u*f. Is h(g) a prime number?
True
Let g = -233 - -524. Let q = 193 - g. Is 4/((-8)/q) + -3 prime?
False
Let w be (-2 - -1)/((-3)/21). Let q(f) = 2*f**2 - 9*f - 10. Is q(w) a composite number?
True
Suppose 2*g - 4*g + 406 = 0. Is g a prime number?
False
Let a be 2 + -1 + (-2)/(-1). Let n(m) = m**2 - 8*m + 7. Let q be n(7). Suppose -a*o + 381 = -q*o. Is o a composite number?
False
Let o(h) = -h + 9. Let z be o(4). Suppose 3*d - 1009 = -u, -d + u = z*u - 351. Is d a composite number?
True
Let q(p) = 40*p**2 + 16*p + 7. Is q(5) composite?
False
Let w = 4 + 2. Suppose -s = s + w. Let i(v) = -8*v**3 - 5*v**2 - 3*v - 3. Is i(s) prime?
False
Let c = -238 + 383. Is c a composite number?
True
Let r = -10 - -10. Suppose 5*d + 155 - 570 = r. Is d a prime number?
True
Let p = 0 - 2. Let c = 1 + p. Is 20 + (-2 - c - 0) prime?
True
Let j(v) = 8*v**3 - v. Let a be j(1). Suppose 2*b = -3 + a. Suppose b*z - 4*z = -26. Is z a composite number?
False
Suppose 0 = -x - 2*x + 12. Suppose 4*p = 2*g - 72, 0 = x*g - 0*p - 4*p - 148. Is g a composite number?
True
Suppose 5*p = -n + 979, 0 = -3*p + 5*n - 2*n + 573. Let z = 358 - p. Is z prime?
True
Suppose 5*p = -2*q + 122, -5*p = 2*q - 3*q - 119. Is 534/(-4)*(-16)/p a composite number?
False
Let a(m) = 16*m + 1 - 1 + 72*m + 1. Is a(1) a composite number?
False
Let a = -6 + 2. Is (-2)/a*149*2 prime?
True
Let m(r) = 12*r - 7. Let g be m(-6). Is (9 + -7)*g/(-2) composite?
False
Let y = 10989 + -4520. Is y prime?
True
Let s = 201 - -73. Is s a prime number?
False
Let c(s) be the second derivative of -11*s**5/20 + s**4/12 + s**3/6 + s**2/2 + 2*s. Is c(-2) prime?
False
Let y be (-8 - 1) + (-1 - 1). Let f = 16 + y. Let x